{"id":287,"date":"2017-04-10T14:18:09","date_gmt":"2017-04-10T12:18:09","guid":{"rendered":"http:\/\/www.msg-bussard.de\/?page_id=287"},"modified":"2017-04-11T10:42:37","modified_gmt":"2017-04-11T08:42:37","slug":"wie-ich-zum-rc-sport-kam-ein-selbstportrait","status":"publish","type":"page","link":"https:\/\/www.msg-bussard.de\/?page_id=287","title":{"rendered":"Wie ich zum RC-Sport kam &#8230; ein Selbstportrait"},"content":{"rendered":"<p>April, 2017<\/p>\n<p>Vor guten 4 Jahren packte mich das RC-Virus. Ein Freund dr\u00fcckte mir einen kl. Heli in die Hand, und damit fing es an. Nachdem ich diesen zum Leidwesen des Freundes sofort an die Zimmerdecke geflogen hatte, kaufte ich Ersatz und einen eigenen Heli f\u00fcr mich. Nachdem ich im ambitionierten Flug die Lieblingsweihnachtsbaumkugel meiner Frau zerst\u00f6rte verlagerte ich mein Hobby nach drau\u00dfen. Es folgten gr\u00f6\u00dfere Helis, bis dahin alles Kategorie Spielzeug, gefolgt von dem ersten \u201eOutdoor-Modell\u201c &#8211; ein zappeliger Geselle der Gr\u00f6\u00dfe 450er, der mich sehr forderte. Festgeschnallt in der Mitte eines Hula-Hula-Reifens, \u00fcbte ich den Start, Flug und die Landung.<\/p>\n<p><img data-recalc-dims=\"1\" loading=\"lazy\" decoding=\"async\" data-attachment-id=\"316\" data-permalink=\"https:\/\/www.msg-bussard.de\/?attachment_id=316\" data-orig-file=\"https:\/\/i0.wp.com\/www.msg-bussard.de\/wp-content\/uploads\/2017\/04\/KDS-Model.jpg?fit=2016%2C1512&amp;ssl=1\" data-orig-size=\"2016,1512\" data-comments-opened=\"1\" data-image-meta=\"{&quot;aperture&quot;:&quot;0&quot;,&quot;credit&quot;:&quot;&quot;,&quot;camera&quot;:&quot;&quot;,&quot;caption&quot;:&quot;&quot;,&quot;created_timestamp&quot;:&quot;0&quot;,&quot;copyright&quot;:&quot;&quot;,&quot;focal_length&quot;:&quot;0&quot;,&quot;iso&quot;:&quot;0&quot;,&quot;shutter_speed&quot;:&quot;0&quot;,&quot;title&quot;:&quot;&quot;,&quot;orientation&quot;:&quot;0&quot;}\" data-image-title=\"KDS-Model\" data-image-description=\"\" data-image-caption=\"\" data-large-file=\"https:\/\/i0.wp.com\/www.msg-bussard.de\/wp-content\/uploads\/2017\/04\/KDS-Model.jpg?fit=650%2C488&amp;ssl=1\" class=\"alignnone size-medium wp-image-316 aligncenter\" src=\"https:\/\/i0.wp.com\/www.msg-bussard.de\/wp-content\/uploads\/2017\/04\/KDS-Model.jpg?resize=300%2C225\" alt=\"\" width=\"300\" height=\"225\" srcset=\"https:\/\/i0.wp.com\/www.msg-bussard.de\/wp-content\/uploads\/2017\/04\/KDS-Model.jpg?resize=300%2C225&amp;ssl=1 300w, https:\/\/i0.wp.com\/www.msg-bussard.de\/wp-content\/uploads\/2017\/04\/KDS-Model.jpg?resize=768%2C576&amp;ssl=1 768w, https:\/\/i0.wp.com\/www.msg-bussard.de\/wp-content\/uploads\/2017\/04\/KDS-Model.jpg?resize=1024%2C768&amp;ssl=1 1024w, https:\/\/i0.wp.com\/www.msg-bussard.de\/wp-content\/uploads\/2017\/04\/KDS-Model.jpg?w=2016&amp;ssl=1 2016w, https:\/\/i0.wp.com\/www.msg-bussard.de\/wp-content\/uploads\/2017\/04\/KDS-Model.jpg?w=1300 1300w, https:\/\/i0.wp.com\/www.msg-bussard.de\/wp-content\/uploads\/2017\/04\/KDS-Model.jpg?w=1950 1950w\" sizes=\"auto, (max-width: 300px) 100vw, 300px\" \/><\/p>\n<p>Doch dann passierte es, der erste \u00fcble Absturz, der Hubi war kaputt. Keinerlei Erfahrung in der Reparatur von Helis lie\u00df mich diesen an den H\u00e4ndler zur\u00fcckschicken und repariert kam dieser nach ca. 2 Wochen zur\u00fcck. Als ich wieder abst\u00fcrzte, stellte sich mir die Frage, wie geht es weiter? Die L\u00f6sung konnte nur sein, zu lernen, wie Helis funktionieren und wie man sie reparieren und einstellen kann \u2013 wie ich feststellen sollte, ein \u00e4u\u00dferst komplexes Thema. Dabei kamen mir Fachb\u00fccher, Chats, das Internet und nat\u00fcrlich auch der vereinsinterne Austausch und die Beratung von Piloten des Vereins zugute. Irgendwann klappte es dann, der Heli schwebte ruhig in der Luft und ich war super gl\u00fccklich \u2013 ich hatte diesen ersten Schritt geschafft!<\/p>\n<p>Sp\u00e4ter kam der Fl\u00e4chenflug (Flugzeuge) dazu und bereicherte die Zeit auf dem Flugplatz. Auch hier wollten Dinge und Zusammenh\u00e4nge erst erlernt werden, doch Dank der erworbenen Vorkenntnisse des Helifliegens, ging es gl\u00fccklicherweise etwas schneller voran.<\/p>\n<p>Dieses Hobby ist f\u00fcr mich deshalb so interessant, weil es sehr viele Komponenten vereint, die, alle zusammen genommen, keine Langeweile aufkommen lassen: der Bau von Modellen, deren Einstellung und schlie\u00dflich die fliegerische Herausforderung am Tag des Jungfernfluges. Es ist f\u00fcr mich eine wirklich gro\u00dfartige Erfahrung, das eigene Model am Himmel zu sehen und alles funktioniert. Schlie\u00dflich ist das viele Drau\u00dfensein unter freiem Himmel, in der sch\u00f6nen Natur in geselliger Runde mit anderen Piloten einfach nur sch\u00f6n. Und wenn man abends seine Modelle wieder aus dem Auto ausgeladen hat, dachte ich schon sehr oft bei mir \u2013 was f\u00fcr ein tolles Hobby!<\/p>\n<p>Andreas Graap<br \/>\n2. Vorsitzender<br \/>\nMSG-Bussard e.V.<\/p>\n","protected":false},"excerpt":{"rendered":"<p>April, 2017 Vor guten 4 Jahren packte mich das RC-Virus. Ein Freund dr\u00fcckte mir einen kl. Heli in die Hand, und damit fing es an. Nachdem ich diesen zum Leidwesen des Freundes sofort an die Zimmerdecke geflogen hatte, kaufte ich Ersatz und einen eigenen Heli f\u00fcr mich. Nachdem ich im ambitionierten Flug die Lieblingsweihnachtsbaumkugel meiner &#8230;<\/p>\n","protected":false},"author":1,"featured_media":0,"parent":0,"menu_order":0,"comment_status":"closed","ping_status":"closed","template":"template-full-width.php","meta":{"jetpack_post_was_ever_published":false,"footnotes":""},"class_list":["post-287","page","type-page","status-publish","hentry"],"jetpack_sharing_enabled":true,"jetpack_shortlink":"https:\/\/wp.me\/P8AbUy-4D","jetpack-related-posts":[{"id":140,"url":"https:\/\/www.msg-bussard.de\/?page_id=140","url_meta":{"origin":287,"position":0},"title":"Presseberichte","author":"Andre Schmitz","date":"2. April 2017","format":false,"excerpt":"Zeitungsbericht aus der L\u00fcneburger Landeszeitung vom 23.07.2016 Modellflieger heben ab (\u201eDer Kreisbote\u201c) Zu Besuch auf dem Flugplatz in S\u00fclbeck Jetzt heben sie wieder ab, die Modellflieger in S\u00fclbeck. Die KREISBOTEN haben Peter Kempny \u00a0 \u00a0 \u00a0 \u00a0 \u00a0 \u00a0 (Foto: the) und seine Freunde von der Modellsportgruppe Bussard auf dem\u2026","rel":"","context":"\u00c4hnlicher Beitrag","block_context":{"text":"\u00c4hnlicher Beitrag","link":""},"img":{"alt_text":"IMG_9546","src":"https:\/\/msgbussard.files.wordpress.com\/2017\/03\/img_9546.jpg?w=350&h=200&crop=1","width":350,"height":200},"classes":[]},{"id":69,"url":"https:\/\/www.msg-bussard.de\/?page_id=69","url_meta":{"origin":287,"position":1},"title":"Satzung","author":"Andre Schmitz","date":"2. April 2017","format":false,"excerpt":"der Modellflug-Sport-Gemeinschaft-Bussard e.V. \u00a0 \u00a71 NAME. SITZ. GERICHTSSTAND und GR\u00dcNDUNG Der Verein tr\u00e4gt den Namen \" Modellflug-Sport-Gemeinschaft-Bussard \" mit dem Zusatz \" e.V. \" Der Sitz des Vereins ist Wittorf. Der Gerichtsstand ist L\u00fcneburg. Der Gr\u00fcndungstag ist der 31. Januar 1981 und der Gr\u00fcndungsort Wittorf. \u00a0 \u00a72 ZWECK und ZIEL\u2026","rel":"","context":"\u00c4hnlicher Beitrag","block_context":{"text":"\u00c4hnlicher Beitrag","link":""},"img":{"alt_text":"","src":"","width":0,"height":0},"classes":[]},{"id":103,"url":"https:\/\/www.msg-bussard.de\/?page_id=103","url_meta":{"origin":287,"position":2},"title":"Flugbetriebsordnung","author":"Andre Schmitz","date":"2. April 2017","format":false,"excerpt":"(Kurzfassung) \u00a7 1 1. Mit Betreten des Modellflugplatzes erkennt jeder die Flugbetriebsordnung an. Es gilt \u00a71 der LuftVO. 2. Teilnehmer am Modellflugbetrieb haben sich so zu verhalten, dass die allgemeine Sicherheit und Ordnung sowie der Flugbetrieb weder gef\u00e4hrdet noch eingeschr\u00e4nkt wird. \u00a7 2 Bei einem Modellflugbetrieb in der Luft und\/oder\u2026","rel":"","context":"\u00c4hnlicher Beitrag","block_context":{"text":"\u00c4hnlicher Beitrag","link":""},"img":{"alt_text":"","src":"","width":0,"height":0},"classes":[]},{"id":16,"url":"https:\/\/www.msg-bussard.de\/","url_meta":{"origin":287,"position":3},"title":"Herzlich Willkommen bei der Modellfluggemeinschaft\u2026","author":"Andre Schmitz","date":"27. M\u00e4rz 2017","format":false,"excerpt":"Herzlich Willkommen bei der Modellfluggemeinschaft Bussard e.V. f\u00fcr Elektroflug in S\u00fclbeck, Landkreis L\u00fcneburg! Die MSG wurde in den 70iger Jahren mit Standort in Wittorf (SG Bardowick) gegr\u00fcndet, Ende der 80iger Jahre wurde durch Infrastrukturma\u00dfnahmen (Ausbau der A 39\/B 404) die Aufstiegsgenehmigung f\u00fcr das gepachtete Vereinsgel\u00e4nde widerrufen. Die zugesagte Unterst\u00fctzung f\u00fcr\u2026","rel":"","context":"\u00c4hnlicher Beitrag","block_context":{"text":"\u00c4hnlicher Beitrag","link":""},"img":{"alt_text":"","src":"https:\/\/i0.wp.com\/www.msg-bussard.de\/wp-content\/uploads\/2017\/03\/cropped-cropped-header_1.jpg?fit=1200%2C378&ssl=1&resize=350%2C200","width":350,"height":200,"srcset":"https:\/\/i0.wp.com\/www.msg-bussard.de\/wp-content\/uploads\/2017\/03\/cropped-cropped-header_1.jpg?fit=1200%2C378&ssl=1&resize=350%2C200 1x, https:\/\/i0.wp.com\/www.msg-bussard.de\/wp-content\/uploads\/2017\/03\/cropped-cropped-header_1.jpg?fit=1200%2C378&ssl=1&resize=525%2C300 1.5x, https:\/\/i0.wp.com\/www.msg-bussard.de\/wp-content\/uploads\/2017\/03\/cropped-cropped-header_1.jpg?fit=1200%2C378&ssl=1&resize=700%2C400 2x, https:\/\/i0.wp.com\/www.msg-bussard.de\/wp-content\/uploads\/2017\/03\/cropped-cropped-header_1.jpg?fit=1200%2C378&ssl=1&resize=1050%2C600 3x"},"classes":[]},{"id":59,"url":"https:\/\/www.msg-bussard.de\/?page_id=59","url_meta":{"origin":287,"position":4},"title":"Impressum","author":"Andre Schmitz","date":"2. April 2017","format":false,"excerpt":"Modellflug-Sport-Gemeinschaft-Bussard e. V. Teichaue 40 21365 Adendorf Mitglied 04\/062 im Deutschen Modellflieger Verband e.V. Telefon: 0175 4586363 E-Mail: info[ADD]msg-bussard.de Internet: www.msg-bussard.de Vertretungsberechtigter Vorstand: Timo Meyer (Vorsitzender), (Anschrift wie oben), Registergericht: Amtsgericht L\u00fcneburg Registernummer: 20VR 801 Inhaltlich Verantwortlicher gem\u00e4\u00df \u00a7 55 Abs. 2 RStV: Timo Meyer (Anschrift wie oben) Haftungshinweis: Trotz\u2026","rel":"","context":"\u00c4hnlicher Beitrag","block_context":{"text":"\u00c4hnlicher Beitrag","link":""},"img":{"alt_text":"","src":"https:\/\/i0.wp.com\/www.msg-bussard.de\/wp-content\/uploads\/2017\/03\/header_5.jpg?fit=950%2C300&ssl=1&resize=350%2C200","width":350,"height":200,"srcset":"https:\/\/i0.wp.com\/www.msg-bussard.de\/wp-content\/uploads\/2017\/03\/header_5.jpg?fit=950%2C300&ssl=1&resize=350%2C200 1x, https:\/\/i0.wp.com\/www.msg-bussard.de\/wp-content\/uploads\/2017\/03\/header_5.jpg?fit=950%2C300&ssl=1&resize=525%2C300 1.5x, https:\/\/i0.wp.com\/www.msg-bussard.de\/wp-content\/uploads\/2017\/03\/header_5.jpg?fit=950%2C300&ssl=1&resize=700%2C400 2x"},"classes":[]},{"id":308,"url":"https:\/\/www.msg-bussard.de\/?page_id=308","url_meta":{"origin":287,"position":5},"title":"Downloads","author":"Andre Schmitz","date":"10. April 2017","format":false,"excerpt":"PDF-Dateien zum downloaden ... DMFV Aktualisierung - Neue Luftverkehrs-Ordnung vom 7.04.2017 SATZUNG des MSG-Bussard e. V. - Stand: 3.03.2017 Flugbetriebsordnung_des MSG-Bussard e. V. - Stand: 21.03.2014 Kurzfassung der Flugbetriebsordnung des MSG-Bussard e. V. - Stand: 21.03.2014 .Aufnahmeantrag f\u00fcr die Mitgliedschaft im MSG Bussard e. V. ab 08.03.2024 Datenschutzrichtlinie der Modellsportgemeinschaft\u2026","rel":"","context":"\u00c4hnlicher Beitrag","block_context":{"text":"\u00c4hnlicher Beitrag","link":""},"img":{"alt_text":"","src":"https:\/\/i0.wp.com\/www.msg-bussard.de\/wp-content\/uploads\/2017\/04\/logo.png?resize=350%2C200","width":350,"height":200},"classes":[]}],"_links":{"self":[{"href":"https:\/\/www.msg-bussard.de\/index.php?rest_route=\/wp\/v2\/pages\/287","targetHints":{"allow":["GET"]}}],"collection":[{"href":"https:\/\/www.msg-bussard.de\/index.php?rest_route=\/wp\/v2\/pages"}],"about":[{"href":"https:\/\/www.msg-bussard.de\/index.php?rest_route=\/wp\/v2\/types\/page"}],"author":[{"embeddable":true,"href":"https:\/\/www.msg-bussard.de\/index.php?rest_route=\/wp\/v2\/users\/1"}],"replies":[{"embeddable":true,"href":"https:\/\/www.msg-bussard.de\/index.php?rest_route=%2Fwp%2Fv2%2Fcomments&post=287"}],"version-history":[{"count":7,"href":"https:\/\/www.msg-bussard.de\/index.php?rest_route=\/wp\/v2\/pages\/287\/revisions"}],"predecessor-version":[{"id":317,"href":"https:\/\/www.msg-bussard.de\/index.php?rest_route=\/wp\/v2\/pages\/287\/revisions\/317"}],"wp:attachment":[{"href":"https:\/\/www.msg-bussard.de\/index.php?rest_route=%2Fwp%2Fv2%2Fmedia&parent=287"}],"curies":[{"name":"wp","href":"https:\/\/api.w.org\/{rel}","templated":true}]}}

<p>April, 2017</p>
<p>Vor guten 4 Jahren packte mich das RC-Virus. Ein Freund drückte mir einen kl. Heli in die Hand, und damit fing es an. Nachdem ich diesen zum Leidwesen des Freundes sofort an die Zimmerdecke geflogen hatte, kaufte ich Ersatz und einen eigenen Heli für mich. Nachdem ich im ambitionierten Flug die Lieblingsweihnachtsbaumkugel meiner Frau zerstörte verlagerte ich mein Hobby nach draußen. Es folgten größere Helis, bis dahin alles Kategorie Spielzeug, gefolgt von dem ersten „Outdoor-Modell“ &#8211; ein zappeliger Geselle der Größe 450er, der mich sehr forderte. Festgeschnallt in der Mitte eines Hula-Hula-Reifens, übte ich den Start, Flug und die Landung.</p>
<p><img data-recalc-dims="1" loading="lazy" decoding="async" data-attachment-id="316" data-permalink="https://www.msg-bussard.de/?attachment_id=316" data-orig-file="https://i0.wp.com/www.msg-bussard.de/wp-content/uploads/2017/04/KDS-Model.jpg?fit=2016%2C1512&amp;ssl=1" data-orig-size="2016,1512" data-comments-opened="1" data-image-meta="{&quot;aperture&quot;:&quot;0&quot;,&quot;credit&quot;:&quot;&quot;,&quot;camera&quot;:&quot;&quot;,&quot;caption&quot;:&quot;&quot;,&quot;created_timestamp&quot;:&quot;0&quot;,&quot;copyright&quot;:&quot;&quot;,&quot;focal_length&quot;:&quot;0&quot;,&quot;iso&quot;:&quot;0&quot;,&quot;shutter_speed&quot;:&quot;0&quot;,&quot;title&quot;:&quot;&quot;,&quot;orientation&quot;:&quot;0&quot;}" data-image-title="KDS-Model" data-image-description="" data-image-caption="" data-large-file="https://i0.wp.com/www.msg-bussard.de/wp-content/uploads/2017/04/KDS-Model.jpg?fit=650%2C488&amp;ssl=1" class="alignnone size-medium wp-image-316 aligncenter" src="https://i0.wp.com/www.msg-bussard.de/wp-content/uploads/2017/04/KDS-Model.jpg?resize=300%2C225" alt="" width="300" height="225" srcset="https://i0.wp.com/www.msg-bussard.de/wp-content/uploads/2017/04/KDS-Model.jpg?resize=300%2C225&amp;ssl=1 300w, https://i0.wp.com/www.msg-bussard.de/wp-content/uploads/2017/04/KDS-Model.jpg?resize=768%2C576&amp;ssl=1 768w, https://i0.wp.com/www.msg-bussard.de/wp-content/uploads/2017/04/KDS-Model.jpg?resize=1024%2C768&amp;ssl=1 1024w, https://i0.wp.com/www.msg-bussard.de/wp-content/uploads/2017/04/KDS-Model.jpg?w=2016&amp;ssl=1 2016w, https://i0.wp.com/www.msg-bussard.de/wp-content/uploads/2017/04/KDS-Model.jpg?w=1300 1300w, https://i0.wp.com/www.msg-bussard.de/wp-content/uploads/2017/04/KDS-Model.jpg?w=1950 1950w" sizes="auto, (max-width: 300px) 100vw, 300px" /></p>
<p>Doch dann passierte es, der erste üble Absturz, der Hubi war kaputt. Keinerlei Erfahrung in der Reparatur von Helis ließ mich diesen an den Händler zurückschicken und repariert kam dieser nach ca. 2 Wochen zurück. Als ich wieder abstürzte, stellte sich mir die Frage, wie geht es weiter? Die Lösung konnte nur sein, zu lernen, wie Helis funktionieren und wie man sie reparieren und einstellen kann – wie ich feststellen sollte, ein äußerst komplexes Thema. Dabei kamen mir Fachbücher, Chats, das Internet und natürlich auch der vereinsinterne Austausch und die Beratung von Piloten des Vereins zugute. Irgendwann klappte es dann, der Heli schwebte ruhig in der Luft und ich war super glücklich – ich hatte diesen ersten Schritt geschafft!</p>
<p>Später kam der Flächenflug (Flugzeuge) dazu und bereicherte die Zeit auf dem Flugplatz. Auch hier wollten Dinge und Zusammenhänge erst erlernt werden, doch Dank der erworbenen Vorkenntnisse des Helifliegens, ging es glücklicherweise etwas schneller voran.</p>
<p>Dieses Hobby ist für mich deshalb so interessant, weil es sehr viele Komponenten vereint, die, alle zusammen genommen, keine Langeweile aufkommen lassen: der Bau von Modellen, deren Einstellung und schließlich die fliegerische Herausforderung am Tag des Jungfernfluges. Es ist für mich eine wirklich großartige Erfahrung, das eigene Model am Himmel zu sehen und alles funktioniert. Schließlich ist das viele Draußensein unter freiem Himmel, in der schönen Natur in geselliger Runde mit anderen Piloten einfach nur schön. Und wenn man abends seine Modelle wieder aus dem Auto ausgeladen hat, dachte ich schon sehr oft bei mir – was für ein tolles Hobby!</p>
<p>Andreas Graap<br />
2. Vorsitzender<br />
MSG-Bussard e.V.</p>

<p>April, 2017 Vor guten 4 Jahren packte mich das RC-Virus. Ein Freund drückte mir einen kl. Heli in die Hand, und damit fing es an. Nachdem ich diesen zum Leidwesen des Freundes sofort an die Zimmerdecke geflogen hatte, kaufte ich Ersatz und einen eigenen Heli für mich. Nachdem ich im ambitionierten Flug die Lieblingsweihnachtsbaumkugel meiner &#8230;</p>

Zeitungsbericht aus der Lüneburger Landeszeitung vom 23.07.2016 Modellflieger heben ab („Der Kreisbote“) Zu Besuch auf dem Flugplatz in Sülbeck Jetzt heben sie wieder ab, die Modellflieger in Sülbeck. Die KREISBOTEN haben Peter Kempny             (Foto: the) und seine Freunde von der Modellsportgruppe Bussard auf dem…

Ähnlicher Beitrag

der Modellflug-Sport-Gemeinschaft-Bussard e.V.   §1 NAME. SITZ. GERICHTSSTAND und GRÜNDUNG Der Verein trägt den Namen " Modellflug-Sport-Gemeinschaft-Bussard " mit dem Zusatz " e.V. " Der Sitz des Vereins ist Wittorf. Der Gerichtsstand ist Lüneburg. Der Gründungstag ist der 31. Januar 1981 und der Gründungsort Wittorf.   §2 ZWECK und ZIEL…

(Kurzfassung) § 1 1. Mit Betreten des Modellflugplatzes erkennt jeder die Flugbetriebsordnung an. Es gilt §1 der LuftVO. 2. Teilnehmer am Modellflugbetrieb haben sich so zu verhalten, dass die allgemeine Sicherheit und Ordnung sowie der Flugbetrieb weder gefährdet noch eingeschränkt wird. § 2 Bei einem Modellflugbetrieb in der Luft und/oder…

27. März 2017

Herzlich Willkommen bei der Modellfluggemeinschaft Bussard e.V. für Elektroflug in Sülbeck, Landkreis Lüneburg! Die MSG wurde in den 70iger Jahren mit Standort in Wittorf (SG Bardowick) gegründet, Ende der 80iger Jahre wurde durch Infrastrukturmaßnahmen (Ausbau der A 39/B 404) die Aufstiegsgenehmigung für das gepachtete Vereinsgelände widerrufen. Die zugesagte Unterstützung für…

Modellflug-Sport-Gemeinschaft-Bussard e. V. Teichaue 40 21365 Adendorf Mitglied 04/062 im Deutschen Modellflieger Verband e.V. Telefon: 0175 4586363 E-Mail: info[ADD]msg-bussard.de Internet: www.msg-bussard.de Vertretungsberechtigter Vorstand: Timo Meyer (Vorsitzender), (Anschrift wie oben), Registergericht: Amtsgericht Lüneburg Registernummer: 20VR 801 Inhaltlich Verantwortlicher gemäß § 55 Abs. 2 RStV: Timo Meyer (Anschrift wie oben) Haftungshinweis: Trotz…

PDF-Dateien zum downloaden ... DMFV Aktualisierung - Neue Luftverkehrs-Ordnung vom 7.04.2017 SATZUNG des MSG-Bussard e. V. - Stand: 3.03.2017 Flugbetriebsordnung_des MSG-Bussard e. V. - Stand: 21.03.2014 Kurzfassung der Flugbetriebsordnung des MSG-Bussard e. V. - Stand: 21.03.2014 .Aufnahmeantrag für die Mitgliedschaft im MSG Bussard e. V. ab 08.03.2024 Datenschutzrichtlinie der Modellsportgemeinschaft…
